 76071 composite?
True
Is 31367 a composite number?
True
Is 1439 a prime number?
True
Is 74843 a composite number?
False
Is 2809798 a prime number?
False
Is 44753 composite?
False
Is 35911 prime?
True
Is 9953 prime?
False
Is 6599 prime?
True
Is 597214 a prime number?
False
Is 160409 composite?
False
Is 84359 prime?
False
Is 61211 a prime number?
True
Is 18973 prime?
True
Is 61517 a composite number?
True
Is 7603333 a prime number?
True
Is 178081 composite?
True
Is 9337 a prime number?
True
Is 7717 prime?
True
Is 2513 a prime number?
False
Is 76339 prime?
False
Is 11693 a prime number?
False
Is 9298 a prime number?
False
Is 1699639 composite?
False
Is 106462 a prime number?
False
Is 53473 a prime number?
False
Is 165595 prime?
False
Is 3131 prime?
False
Is 23423 a prime number?
False
Is 19949 a prime number?
True
Is 10743 prime?
False
Is 1516805 prime?
False
Is 26777 a composite number?
False
Is 4861 prime?
True
Is 85679 composite?
True
Is 27427 prime?
True
Is 3399937 prime?
True
Is 56089 a composite number?
True
Is 199 prime?
True
Is 4781 prime?
False
Is 20407 a prime number?
True
Is 13753 a composite number?
True
Is 5617 a composite number?
True
Is 173783 a composite number?
False
Is 11671 a prime number?
False
Is 80915 prime?
False
Is 31469 composite?
False
Is 6617 a prime number?
False
Is 23707 composite?
True
Is 178781 prime?
True
Is 21531 composite?
True
Is 39499 a prime number?
True
Is 28883 a prime number?
False
Is 56921 composite?
False
Is 2203 a prime number?
True
Is 66773 prime?
False
Is 6521 a prime number?
True
Is 35069 prime?
True
Is 50497 prime?
True
Is 92693 prime?
True
Is 2468411 a composite number?
True
Is 24305 prime?
False
Is 44155 composite?
True
Is 212081 prime?
True
Is 33827 composite?
False
Is 24865 a composite number?
True
Is 413629 prime?
True
Is 259351 prime?
False
Is 109627 composite?
True
Is 5549 composite?
True
Is 2927 prime?
True
Is 1457297 prime?
False
Is 74114 composite?
True
Is 9613 a composite number?
False
Is 852689 a prime number?
True
Is 205789 composite?
True
Is 124835 a composite number?
True
Is 28687 composite?
False
Is 2503 prime?
True
Is 179351 prime?
True
Is 413911 a composite number?
False
Is 109037 composite?
False
Is 16333 composite?
False
Is 255031 a composite number?
True
Is 18187 prime?
False
Is 5381 composite?
False
Is 5669 composite?
False
Is 9677 prime?
True
Is 745 composite?
True
Is 420113 composite?
True
Is 5297 a prime number?
True
Is 26921 prime?
True
Is 135611 composite?
True
Is 27131 composite?
True
Is 1481 a composite number?
False
Is 435131 composite?
False
Is 7283 composite?
False
Is 4201 a prime number?
True
Is 450731 a composite number?
True
Is 185929 a composite number?
True
Is 52249 prime?
True
Is 2927 prime?
True
Is 178833 a prime number?
False
Is 28047 composite?
True
Is 12605 prime?
False
Is 19255 a composite number?
True
Is 367735 a composite number?
True
Is 283229 a prime number?
False
Is 706107 composite?
True
Is 5885311 a prime number?
True
Is 12193 a composite number?
True
Is 75083 a composite number?
False
Is 77497 a composite number?
True
Is 6317 prime?
True
Is 1846321 a prime number?
True
Is 3643 composite?
False
Is 1311671 prime?
False
Is 1961 a prime number?
False
Is 236699 prime?
True
Is 184006 a prime number?
False
Is 52339 a prime number?
False
Is 7039 a composite number?
False
Is 26489 composite?
False
Is 4133 composite?
False
Is 4481 composite?
False
Is 143 composite?
True
Is 127597 composite?
False
Is 3005 a prime number?
False
Is 7633 a composite number?
True
Is 5021 a composite number?
False
Is 34631 a composite number?
False
Is 226529 prime?
False
Is 57473 prime?
False
Is 4674089 a prime number?
False
Is 39749 composite?
False
Is 12449 a composite number?
True
Is 79801 a prime number?
True
Is 451 a prime number?
False
Is 1599253 composite?
False
Is 36845 composite?
True
Is 1605869 a prime number?
True
Is 14631 composite?
True
Is 556717 a prime number?
False
Is 589697 a prime number?
False
Is 252739 a composite number?
True
Is 1541 prime?
False
Is 8923 a prime number?
True
Is 72587 prime?
False
Is 117347 prime?
False
Is 19051 composite?
False
Is 15209 a prime number?
False
Is 1061 prime?
True
Is 5903 a prime number?
True
Is 47609 a composite number?
False
Is 55049 composite?
False
Is 21355 composite?
True
Is 380041 a composite number?
False
Is 270199 a composite number?
True
Is 2579 prime?
True
Is 826477 composite?
False
Is 146177 composite?
True
Is 132491 a prime number?
True
Is 24133 composite?
False
Is 23329 a composite number?
True
Is 56431 prime?
True
Is 1512563 prime?
False
Is 14933 a prime number?
False
Is 63067 a composite number?
False
Is 5297 prime?
True
Is 597451 composite?
False
Is 472141 a prime number?
False
Is 25481 a prime number?
False
Is 55427 prime?
False
Is 43495 a prime number?
False
Is 218737 a prime number?
True
Is 83831 composite?
True
Is 60887 a prime number?
True
Is 217262 a composite number?
True
Is 743749 a prime number?
False
Is 110413 composite?
True
Is 100469 a prime number?
True
Is 367 a prime number?
True
Is 2028867 a prime number?
False
Is 3662 prime?
False
Is 2237107 a prime number?
True
Is 1154267 a composite number?
False
Is 53563 composite?
True
Is 30881 a prime number?
True
Is 11197 prime?
True
Is 28711 prime?
True
Is 88589 a composite number?
False
Is 1470433 a composite number?
True
Is 177883 prime?
True
Is 1053179 a prime number?
True
Is 441473 a prime number?
False
Is 38953 a prime number?
True
Is 17093 prime?
True
Is 16201 prime?
False
Is 1181 composite?
False
Is 3791 prime?
False
Is 2939 a composite number?
False
Is 6007 prime?
True
Is 6899 prime?
True
Is 364213 a composite number?
False
Is 991 a composite number?
False
Is 329167 prime?
True
Is 28043 prime?
False
Is 21059 a prime number?
True
Is 7417 composite?
False
Is 5951 a prime number?
False
Is 367987 a composite number?
True
Is 541 composite?
False
Is 44179 prime?
True
Is 1657 composite?
False
Is 309867 a composite number?
True
Is 8791 prime?
False
Is 587 prime?
True
Is 2429 a prime number?
False
Is 74653 prime?
True
Is 26237 a composite number?
False
Is 62273 a prime number?
True
Is 1283 prime?
True
Is 62797 composite?
True
Is 1195277 a prime number?
True
Is 1215341 a composite number?
True
Is 9017 a prime number?
False
Is 272683 a composite number?
False
Is 20743 prime?
True
Is 759589 a composite number?
False
Is 462067 a prime number?
True
Is 99111 composite?
True
Is 17129 composite?
True
Is 2393 composite?
False
Is 19609 prime?
True
Is 1669 a composite number?
False
Is 6833 a composite number?
False
Is 114311 a prime number?
True
Is 146815 composite?
True
Is 16793 a composite number?
True
Is 556667 a composite number?
True
Is 83 composite?
False
Is 1271483 prime?
True
Is 5311 a composite number?
True
Is 20879 a prime number?
True
Is 100159 a prime number?
False
Is 694069 prime?
True
Is 998 a prime number?
False
Is 3107861 a composite number?
False
Is 389357 a composite number?
False
Is 64063 composite?
False
Is 2101 a composite number?
True
Is 327619 a composite number?
False
Is 487151 prime?
False
Is 747493 prime?
True
Is 461257 a composite number?
False
Is 14183 prime?
False
Is 140991 a composite number?
True
Is 169241 prime?
True
Is 172489 a composite number?
False
Is 29411 composite?
False
Is 168277 a prime number?
True
Is 3817 composite?
True
Is 50891 prime?
True
Is 120019 prime?
False
Is 2903 a prime number?
True
Is 316489 composite?
True
Is 10327 a composite number?
True
Is 10261 composite?
True
Is 3047 prime?
False
Is 32527 a prime number?
False
Is 653879 composite?
False
Is 147701 a prime number?
False
Is 542485 composite?
True
Is 1081909 a prime number?
False
Is 88121 a composite number?
True
Is 673 composite?
False
Is 88589 composite?
False
Is 1867 a prime number?
True
Is 1267361 a composite number?
True
Is 18013 prime?
True
Is 451 composite?
True
Is 877999 a prime number?
False
Is 69761 composite?
False
Is 380287 prime?
True
Is 71567 a prime number?
False
Is 3761 prime?
True
Is 251 a prime number?
True
Is 20783 prime?
False
Is 101677 a composite number?
True
Is 745 composite?
True
Is 300947 prime?
False
Is 15959 a composite number?
False
Is 1060009 prime?
True
Is 125605 a prime number?
False
Is 63947 a composite number?
True
Is 469757 com